number?
True
Is 9731 composite?
True
Is 224481 prime?
False
Is 16869 composite?
True
Is 262459 a prime number?
True
Is 15346 a composite number?
True
Is 8583 a prime number?
False
Is 12751 a prime number?
False
Is 46439 a prime number?
True
Is 16871 prime?
True
Is 496081 a composite number?
True
Is 5842931 composite?
False
Is 40159 prime?
False
Is 10903 a prime number?
True
Is 1814 prime?
False
Is 1204421 a prime number?
True
Is 33911 a composite number?
False
Is 41161 a composite number?
False
Is 474707 a composite number?
False
Is 2253309 a prime number?
False
Is 29987 a composite number?
True
Is 3575177 prime?
False
Is 147413 a composite number?
True
Is 12071 composite?
False
Is 8209 prime?
True
Is 17257 composite?
False
Is 122011 prime?
True
Is 87734 a prime number?
False
Is 19059 composite?
True
Is 1461877 a composite number?
False
Is 4477327 composite?
True
Is 113591 a composite number?
False
Is 26749 prime?
False
Is 58631 prime?
True
Is 20417 prime?
False
Is 47609 a composite number?
False
Is 1240661 a composite number?
True
Is 276007 composite?
False
Is 508901 a composite number?
False
Is 22511 prime?
True
Is 33287 composite?
False
Is 22669 prime?
True
Is 6311 a prime number?
True
Is 237877 composite?
False
Is 11621 a composite number?
False
Is 41267 prime?
False
Is 94993 a prime number?
True
Is 333821 a composite number?
False
Is 413 prime?
False
Is 575551 a composite number?
False
Is 5087 a prime number?
True
Is 134957 a prime number?
False
Is 1260661 prime?
True
Is 69047 a composite number?
True
Is 85777 a prime number?
False
Is 1642359 composite?
True
Is 9511 a composite number?
False
Is 47431 prime?
True
Is 30133 composite?
False
Is 641 a composite number?
False
Is 85691 composite?
False
Is 42677 composite?
False
Is 929 composite?
False
Is 2963407 a composite number?
False
Is 105313 a prime number?
False
Is 794221 prime?
True
Is 174071 composite?
False
Is 197887 a prime number?
True
Is 1221373 prime?
True
Is 13474 prime?
False
Is 319093 a composite number?
False
Is 440711 composite?
False
Is 16127 prime?
True
Is 139037 a prime number?
False
Is 234382 composite?
True
Is 803 a composite number?
True
Is 6833 a prime number?
True
Is 26579 a prime number?
False
Is 2103 composite?
True
Is 1068133 prime?
False
Is 5722 composite?
True
Is 514949 prime?
True
Is 122993 composite?
True
Is 200771 a prime number?
True
Is 151967 a composite number?
False
Is 459181 prime?
True
Is 26387 a composite number?
False
Is 14143 a prime number?
True
Is 24655 a prime number?
False
Is 22313 a composite number?
True
Is 1964389 a composite number?
True
Is 12335 a prime number?
False
Is 105467 a prime number?
True
Is 26083 prime?
True
Is 11959 a composite number?
False
Is 169537 prime?
False
Is 59567 a prime number?
True
Is 1910509 composite?
False
Is 34334 a composite number?
True
Is 119303 composite?
True
Is 16753 a composite number?
True
Is 2231 a composite number?
True
Is 65357 composite?
False
Is 130927 prime?
True
Is 8741 a composite number?
False
Is 361619 prime?
False
Is 27139 composite?
True
Is 93683 prime?
True
Is 746801 prime?
False
Is 46301 a composite number?
False
Is 143011 a composite number?
True
Is 14114 composite?
True
Is 144791 a composite number?
False
Is 516657 a composite number?
True
Is 34681 a composite number?
True
Is 3497 composite?
True
Is 4621 a composite number?
False
Is 650519 a prime number?
True
Is 30829 prime?
True
Is 14871 a prime number?
False
Is 93937 a composite number?
False
Is 2894 a prime number?
False
Is 362305 prime?
False
Is 16423 a prime number?
False
Is 38351 a composite number?
False
Is 29407 composite?
True
Is 39761 a composite number?
False
Is 64121 prime?
False
Is 301867 composite?
False
Is 26327 a prime number?
False
Is 32663 prime?
False
Is 5501 a prime number?
True
Is 13427 composite?
True
Is 235483 composite?
False
Is 22007 prime?
False
Is 340069 prime?
False
Is 332987 a composite number?
False
Is 1973 composite?
False
Is 200247 composite?
True
Is 9257 composite?
False
Is 173783 a composite number?
False
Is 572269 composite?
False
Is 179779 a prime number?
True
Is 1381 a composite number?
False
Is 23189 a prime number?
True
Is 1197605 prime?
False
Is 1399999 prime?
True
Is 4201 prime?
True
Is 2927 prime?
True
Is 28151 a composite number?
False
Is 159661 a prime number?
False
Is 7841 a prime number?
True
Is 769 a composite number?
False
Is 1501 prime?
False
Is 409907 composite?
True
Is 17359 prime?
True
Is 541439 composite?
False
Is 34879 composite?
True
Is 656959 a composite number?
False
Is 35201 composite?
False
Is 993 a prime number?
False
Is 8147 composite?
False
Is 75179 a composite number?
True
Is 53005 a prime number?
False
Is 9134 prime?
False
Is 5129 prime?
False
Is 20941 a prime number?
False
Is 29681 a composite number?
True
Is 360683 prime?
False
Is 117023 composite?
False
Is 347 a composite number?
False
Is 661399 composite?
True
Is 118546 a composite number?
True
Is 516907 prime?
True
Is 1511 a composite number?
False
Is 214163 composite?
False
Is 17311 prime?
False
Is 3443 a composite number?
True
Is 2854091 composite?
False
Is 16593 a prime number?
False
Is 1719049 a composite number?
False
Is 18847 prime?
False
Is 16418 prime?
False
Is 2231587 composite?
False
Is 113426 a prime number?
False
Is 339643 a prime number?
False
Is 4391 prime?
True
Is 757 a composite number?
False
Is 19451 prime?
False
Is 803 a prime number?
False
Is 1943 a composite number?
True
Is 4861 a prime number?
True
Is 40631 prime?
False
Is 37399 composite?
True
Is 6583 a composite number?
True
Is 82019 a composite number?
True
Is 28429 a prime number?
True
Is 1826155 a composite number?
True
Is 745471 composite?
False
Is 89 composite?
False
Is 330266 a prime number?
False
Is 190573 a composite number?
False
Is 4727 a prime number?
False
Is 1168205 prime?
False
Is 59335 composite?
True
Is 17159 a composite number?
False
Is 22821 composite?
True
Is 177845 composite?
True
Is 5847 a prime number?
False
Is 63241 a prime number?
True
Is 33185 composite?
True
Is 30341 a composite number?
False
Is 5077 a composite number?
False
Is 612947 prime?
True
Is 10201 composite?
True
Is 694843 prime?
False
Is 568201 composite?
False
Is 1781 a prime number?
False
Is 57347 a prime number?
True
Is 382559 composite?
True
Is 18113 a composite number?
True
Is 1471 prime?
True
Is 2761 a composite number?
True
Is 405397 a prime number?
False
Is 2621737 a prime number?
True
Is 1972405 composite?
True
Is 203539 composite?
True
Is 5557 a prime number?
True
Is 15335 a prime number?
False
Is 86447 a composite number?
True
Is 373057 prime?
False
Is 2153 a composite number?
False
Is 254249 a prime number?
True
Is 301009 composite?
True
Is 16237 prime?
False
Is 4751 a prime number?
True
Is 821 a composite number?
False
Is 420605 a composite number?
True
Is 1440913 a composite number?
False
Is 6493 prime?
False
Is 1259 a composite number?
False
Is 66589 prime?
False
Is 664897 composite?
True
Is 35461 a composite number?
False
Is 78041 a prime number?
True
Is 164503 a prime number?
True
Is 82019 a prime number?
False
Is 603257 prime?
True
Is 83833 a composite number?
False
Is 23417 a composite number?
False
Is 92717 composite?
False
Is 13907 a prime number?
True
Is 8329 a composite number?
False
Is 14143 a prime number?
True
Is 34241 a prime number?
False
Is 68645 composite?
True
Is 252817 prime?
True
Is 85297 composite?
False
Is 5939 a prime number?
True
Is 59539 composite?
False
Is 9311 a composite number?
False
Is 157 prime?
True
Is 128705 composite?
True
Is 79133 composite?
False
Is 144895 a composite number?
True
Is 116461 composite?
False
Is 526909 a prime number?
True
Is 908317 prime?
True
Is 38113 a composite number?
False
Is 209447 a composite number?
True
Is 631 composite?
False
Is 32539 a composite number?
True
Is 2261729 a prime number?
False
Is 138499 a composite number?
True
Is 6947 composite?
False
Is 1118351 composite?
True
Is 5686 prime?
False
Is 701 a prime number?
True
Is 37865 a prime number?
False
Is 11101 a prime number?
False
Is 62891 prime?
False
Is 58117 a composite number?
True
Is 2957 a prime number?
True
Is 54083 prime?
True
Is 387509 a composite number?
False
Is 157503 a composite number?
True
Is 59557 a prime number?
True